= 4*t - 57. Give l(23).
35
Let z(w) = w**3 - 9*w**2 - 12*w + 4. Determine z(10).
-16
Let w(g) = 12*g**3 + 2*g**2 - 5*g + 4. What is w(1)?
13
Let w(q) = -3*q**2 - 8*q + 4. What is w(-6)?
-56
Let o(j) = 2*j - 16. Calculate o(8).
0
Let r(n) = 3*n + 15. Determine r(-9).
-12
Let y(p) = p**3 + 21*p**2 + 18*p - 46. Calculate y(-20).
-6
Let f(g) = 2*g**2 + 15*g + 15. Calculate f(-6).
-3
Let m(t) = -t**2 + 277*t + 1991. Calculate m(-7).
3
Let p(v) = -v**3 + 5*v**2 - 6*v + 2. Determine p(5).
-28
Let l(n) = 2*n**2 + 39*n - 20. Determine l(-20).
0
Let y(r) = -r**2 - r + 85. Calculate y(-10).
-5
Let b(k) = 2*k**2 + 5*k - 3. Calculate b(-5).
22
Let m(k) = k**2 - 15*k + 36. Give m(11).
-8
Let k(m) = 2*m**2 + 29*m + 21. Calculate k(-10).
-69
Let t(r) = 2*r**3 - 12*r**2 - 5. Give t(6).
-5
Let c(n) = 32*n + 130. Give c(-4).
2
Let n(l) = -l**2 + 14*l - 14. What is n(13)?
-1
Let w(n) = n**3 - 10*n**2 - 2*n + 5. Give w(10).
-15
Let l(v) = -32*v + 6. Determine l(1).
-26
Let o(g) = -11*g + 2. What is o(-4)?
46
Let s(p) = -p**2 - 8*p - 3. Give s(-9).
-12
Let n(a) = -a**2 + 8*a - 1. Calculate n(10).
-21
Let l(p) = p - 2. Give l(10).
8
Let n(d) = -d**3 - 2*d + 108. Determine n(0).
108
Let a(w) = -w - 16. Give a(-14).
-2
Let r(v) = -4*v - 19. Determine r(-5).
1
Let v(p) = -p**3 + 3*p**2 + 16*p + 20. What is v(6)?
8
Let f(y) = -5*y**2 + 31*y - 4. What is f(6)?
2
Let x(y) = 3*y**2 - 21*y + 8. What is x(7)?
8
Let k(r) = -2*r**3 - 8*r**2 + 10*r + 6. Determine k(-5).
6
Let k(s) = -s**3 - 14*s**2 + 18*s + 81. Calculate k(-15).
36
Let r(z) = 20*z**2 - 12*z + 3. Give r(1).
11
Let q(r) = -r**2 + 35*r - 228. Calculate q(26).
6
Let v(p) = -2*p**2 - 2*p + 2. Give v(-3).
-10
Let l(i) = -i**3 + 7*i**2 - i - 2. Give l(7).
-9
Let m(b) = 8*b + 12. Give m(6).
60
Let h(l) = l**2 + 20*l + 42. Determine h(-18).
6
Let v(h) = -h**2 + h + 101. Calculate v(0).
101
Let b(d) = 49*d - 287. Determine b(6).
7
Let o(k) = -2*k**2 + 2*k + 11. What is o(7)?
-73
Let s(n) = n + 14. Calculate s(-7).
7
Let s(c) = c**3 + 3*c**2 - 1. Determine s(-1).
1
Let n(v) = -v**2 - 22*v - 55. Calculate n(-19).
2
Let t(w) = w - 15. Give t(-13).
-28
Let n(p) = 15*p + 14. Give n(6).
104
Let b(n) = 4*n + 6. Determine b(-6).
-18
Let c(a) = -a**2 + 19*a + 12. What is c(15)?
72
Let a(b) = -4*b - 84. Determine a(-31).
40
Let q(v) = 3*v - 14. Determine q(3).
-5
Let a(z) = -88*z - 611. Give a(-7).
5
Let h(c) = c**2 - 42*c + 219. Give h(36).
3
Let p(f) = 2*f**3 - 2*f**2 - f + 1. What is p(-2)?
-21
Let z(k) = k**3 - 23*k**2 - 79*k + 13. Determine z(26).
-13
Let w(u) = u**3 - 6*u**2 + u + 7. Determine w(7).
63
Let f(i) = 2*i**2 - 18*i + 34. What is f(7)?
6
Let r(z) = -z**2 - 14*z - 18. Determine r(-12).
6
Let a(x) = 6*x**2 + 36*x + 5. Determine a(-6).
5
Let c(d) = -6*d - 6. Calculate c(-1).
0
Let x(i) = i**2 - 15*i + 6. Calculate x(9).
-48
Let s(m) = 2*m**3 - 24*m**2 + 18*m - 2. Give s(11).
-46
Let u(r) = -5*r + 19. Determine u(8).
-21
Let j(t) = t**3 + 9*t**2 - 2*t + 19. Calculate j(-10).
-61
Let u(v) = 40*v + 565. Calculate u(-14).
5
Let d(s) = -s**2 + 6*s - 6. Calculate d(3).
3
Let g(x) = 10*x + 7. Determine g(-7).
-63
Let z(i) = -i + 37. Give z(11).
26
Let s(o) = 12*o + 2. What is s(3)?
38
Let g(b) = 2*b + 5. What is g(-4)?
-3
Let m(h) = 2*h**2 + 3*h - 11. Calculate m(-4).
9
Let f(x) = -x**2 - 17*x - 35. Calculate f(-3).
7
Let y(r) = -2*r + 9. Give y(7).
-5
Let f(u) = 3*u**2 - 82*u + 23. Determine f(27).
-4
Let i(y) = -y**2 - 3*y - 16. Give i(0).
-16
Let b(w) = -w + 10. What is b(12)?
-2
Let p(s) = -s**3 + s. Determine p(-3).
24
Let x(p) = -2*p**2 + 4*p - 5. Calculate x(4).
-21
Let t(c) = -c**3 - 4*c**2 - 17. Give t(-5).
8
Let v(d) = -2*d**2 - 7*d. What is v(-6)?
-30
Let g(w) = -w**3 - 6*w**2 + w + 2. What is g(-6)?
-4
Let i(w) = 37*w - 4. Determine i(0).
-4
Let n(u) = 2*u**3 + 31*u**2 + 45*u + 27. Determine n(-14).
-15
Let c(n) = 2*n**3 + 10*n**2 - 8*n - 40. Calculate c(-5).
0
Let r(l) = -l**2 - 28*l - 67. Calculate r(-25).
8
Let u(m) = -13*m**3. Calculate u(1).
-13
Let c(f) = -2*f**2 + 4*f + 96. Give c(-6).
0
Let k(a) = a**3 - 6*a**2 - a + 6. What is k(3)?
-24
Let j(f) = 6*f**2 - 10*f - 23. Determine j(-2).
21
Let n(r) = 7*r - 1. What is n(-1)?
-8
Let r(a) = 4*a**2 + 2*a - 7. Give r(-2).
5
Let m(z) = -5*z + 92. What is m(18)?
2
Let p(d) = 9*d - 3. Determine p(-3).
-30
Let q(c) = -c**2 - 20*c - 45. What is q(-23)?
-114
Let t(q) = q**3 + 5*q**2 - q - 4. Calculate t(-2).
10
Let d(c) = -9*c - 10. Determine d(0).
-10
Let o(g) = 6*g + 29. What is o(-6)?
-7
Let m(r) = -r**3 + 10*r**2 - 6*r + 12. Determine m(9).
39
Let j(r) = -r**2 + 6*r + 15. Determine j(9).
-12
Let o(p) = -2*p + 29. Calculate o(16).
-3
Let s(u) = u**2 - 5*u - 7. What is s(-6)?
59
Let a(c) = c - 16. Calculate a(10).
-6
Let i(a) = -5*a + 48. Determine i(6).
18
Let s(y) = 2*y**3 - 5*y**2 - 3*y - 4. Determine s(3).
-4
Let k(o) = -o - 9. Give k(-6).
-3
Let d(y) = y**3 - 6*y**2 - 11*y + 31. Give d(7).
3
Let x(k) = -2*k + 34. Determine x(10).
14
Let w(v) = -8*v + 1. What is w(1)?
-7
Let y(a) = -3*a**2 - 10*a - 6. Give y(-6).
-54
Let j(g) = 17*g - 39. Calculate j(3).
12
Let f(x) = x**3 - 17*x**2 - 24*x + 112. Determine f(18).
4
Let s(z) = z**3 + 2*z**2 - 3. Determine s(-2).
-3
Let k(d) = -2*d - 13. Determine k(-5).
-3
Let f(d) = 2*d**3 + 3*d**2 - 3*d - 9. What is f(-3)?
-27
Let l(i) = -354*i + 1776. Determine l(5).
6
Let h(q) = 22*q + 402. Calculate h(-18).
6
Let u(c) = -c**3 - 10*c**2 + 12*c - 4. Give u(-11).
-15
Let z(f) = 9*f + 22. Determine z(4).
58
Let s(t) = -4*t + 26. What is s(8)?
-6
Let t(y) = -y**3 - 7*y**2 - 4*y + 7. Determine t(-6).
-5
Let l(z) = z**3 - 4*z**2. Give l(3).
-9
Let v(t) = -26*t**2. What is v(1)?
-26
Let d(y) = -2*y**2 - 44*y + 30. Give d(-23).
-16
Let i(k) = 39*k + 8. Determine i(0).
8
Let o(s) = s**3 + 2*s**2 - 14*s - 15. What is o(-4)?
9
Let p(v) = v**3 - 21*v**2 - 44*v - 50. Calculate p(23).
-4
Let j(t) = -t + 24. What is j(23)?
1
Let w(g) = -13*g - 100. Determine w(-8).
4
Let g(i) = -i**2 - 14*i - 17. Determine g(-12).
7
Let a(o) = 4*o**2 - 4*o + 7. Determine a(2).
15
Let w(n) = -n - 2. Determine w(-3).
1
Let d(p) = 105*p - 516. Determine d(5).
9
Let b(q) = -4*q + 19. What is b(-8)?
51
Let u(t) = t**3 - 4*t**2 + 5*t - 4. What is u(2)?
-2
Let r(l) = l**3 + 7*l**2 + 10*l + 3. Calculate r(-4).
11
Let o(n) = n**2 + 18*n + 60. What is o(-4)?
4
Let n(d) = -4*d - 19. Determine n(-6).
5
Let g(u) = -u**3 - 8*u**2 + 9*u + 7. What is g(-9)?
7
Let o(q) = q**3 - 41*q**2 + 41*q - 40. Determine o(40).
0
Let r(d) = -d**3 - 14*d**2 - 13*d + 16. Give r(-13).
16
Let i(m) = -m**2. Determine i(-3).
-9
Let h(q) = 3*q**2 - 6*q + 2. Determine h(5).
47
Let c(z) = -2*z**2 + 11*z - 12. Give c(8).
-52
Let y(m) = -65*m + 54. Determine y(1).
-11
Let d(w) = 4*w**2 + 47*w - 12. Calculate d(-11).
-45
Let u(p) = 5*p + 31. What is u(-5)?
6
Let k(f) = 3*f - 44. Calculate k(13).
-5
Let w(f) = 13*f**2 + 2*f - 17. Determine w(2).
39
Let n(w) = -w - 7. What is n(-17)?
10
Let v(s) = -s - 27. Give v(-15).
-12
Let l(i) = -2*i**3 - 9*i**2 + 7*i + 16. Give l(-5).
6
Let d(o) = -9*o - 2. Calculate d(-2).
16
Let a(h) = -2*h**3 - 14*h**2 - 2*h - 14. What is a(-7)?
0
Let h(m) = 3*m**3 + 4*m**2 + m + 3. Determine h(-2).
-7
Let a(i) = -11*i + 14. Determine a(6).
-52
Let p(b) = -2*b - 19. Determine p(-6).
-7
Let m(u) = -52*u**3 - u**2. Calculate m(-1).
51
Let f(d) = 7*d**2 - 4*d + 3. Give f(2).
23
Let d(q) = -q**3 - 10*q**2 - 9*q - 1. Calculate d(-9).
-1
Let j(m) = m**3 + 3*m**2 - 10*m - 14. Calculate j(-5).
-14
Let j(o) = -17*o**2 - 3*o. Determine j(-1).
-14
Let n(c) = -c**2 - 12*c - 4. Determine n(-12).
-4
Let y(u) = u**2 + 2. Determine y(4).
18
Let j(x) = 3*x**2 - 148*x - 120. What is j(50)?
-20
Let k(n) = n**3 + 13*n**2 - 32*n - 10. Calculate k(-15).
20
Let x(q) = -4*q + 48. Give x(6).
24
Let j(p) = p**3 - 8*p**2 + 15*p - 11. What is j(6)?
7
Let g(t) = t**2 - 7. Determine g(-6).
29
Let y(k) = 3*k**2 - 96*k + 4. Give y(32).
4
Let h(u) = u - 18. Determine h(0).
-18
Let a(f) = f**3 - 4*f**2 + 3*f - 3. Give a(4).
9
Let l(b) = -14*b**2 + b + 1. Calculate l(-1).
-14
Let f(g) = -g**2 + g + 41. Give f(-6).
-1
Let z(w) = 44*w - 9. Give z(1).
35
Let t(x) = -x**3 - 12*x**2 - 16*x. Calculate t(-11).
55
Let u(o) = o + 33. Determine u(-18).
15
Let n(b) = -b**2 - 24*b - 127. Give n(-16).
1
Let f(a) = 2